isor of 10 and t?
10
Let z = 14299 - 14275. What is the greatest common factor of 40 and z?
8
Suppose 5*s = -0*k + 3*k - 50, -4*k + s + 61 = 0. Let v(y) = 20*y**2 + y - 12. Let c be v(-3). What is the highest common divisor of c and k?
15
Let a = 24 + -5. Suppose 149 - 409 = -5*h. Suppose a*m + h = 23*m. Calculate the greatest common divisor of 91 and m.
13
Suppose -3923*p = -3926*p + 666. What is the highest common factor of 1887 and p?
111
Let v(m) = -2*m**3 + 14*m**2 - 18*m + 24. Let j be v(5). What is the greatest common divisor of j and 6205?
17
Suppose 4*a - 1458 = -2*t, 5*a = 3*t - 2690 + 470. Calculate the highest common factor of 7 and t.
7
Let m be (-160)/(-56) + 0 + (-1)/(-7). Suppose -m*v + 52 = -17. Let g be v + 15/(-8 - -3). What is the highest common factor of g and 15?
5
Let n = -398 + 402. Calculate the highest common divisor of n and 660.
4
Let a = 17 - 9. Suppose 73 = r - 4*d - 7, -2*d - 300 = -3*r. Calculate the highest common factor of a and r.
8
Suppose -1652 + 831 + 701 = -4*g. What is the highest common factor of g and 1335?
15
Let o be 25 - 1 - 0/(4 - -1). Let v be (-128)/o*(-3)/2. Suppose -13*u - v = -15*u. What is the greatest common divisor of 36 and u?
4
Let h = -223 + 321. Let a = h - 94. Calculate the greatest common factor of a and 10.
2
Let c(a) = -a**3 + 7*a**2 - 85*a + 302. Let x be c(4). What is the greatest common divisor of 6920 and x?
10
Let j be 3 + 786/36 - (-6)/36. Let w be (j - -30) + 21/(-3). Calculate the greatest common divisor of w and 24.
24
Let q be (8 - 7) + (-7 - -832). What is the highest common divisor of 944 and q?
118
Suppose g - 43 = -n, 0 = -g + 10*n - 5*n + 55. What is the highest common divisor of 4545 and g?
45
Let q(o) = 465*o**2 - 10*o - 16. Let y be q(-1). What is the highest common divisor of y and 187?
17
Suppose 12 = 4*g + 8. Let n(p) = 6*p**2 - 5*p + 6. Let z be n(g). Let x be 0 + 54 + (-28)/z. What is the greatest common divisor of 40 and x?
10
Let y(q) = 6*q**2 - 177*q - 25. Let h be y(30). What is the highest common divisor of 555 and h?
5
Let n be -2*(-4 - (-1064)/(-16)). Suppose 69 = 5*p - n. What is the highest common divisor of p and 24?
6
Let v = 3 + 0. Suppose -115 + 745 = v*m. Suppose -388 - 1461 = -47*r + 125. What is the greatest common divisor of m and r?
42
Suppose -166 - 29 = -5*r. Suppose r = 12*c - 9. Suppose 0 = 15*l + c*l - 114. Calculate the highest common divisor of l and 6.
6
Suppose -91*p + 247229 = -352825. Calculate the highest common factor of p and 42.
42
Let y(o) = o**2 - 3*o + 1. Let p be y(3). Let n = 164 - 164. Suppose 5*q + 10*q - 135 = n. What is the highest common divisor of p and q?
1
Suppose 63*i - 3953 = 183*i - 2795633. What is the greatest common factor of 32 and i?
32
Let v(k) = -14*k**3 - 4*k + 1. Let l be v(-4). Let q = 9687 + -9604. Calculate the greatest common divisor of q and l.
83
Suppose x = -3*q + 46, -5*q = -3*x - 9 - 49. Suppose 29*a - 2064 = -q*a. Suppose 4*t + 0*t = 48. Calculate the greatest common factor of a and t.
12
Suppose -3*v = -4*x + 754, 0 = 2*x - 3*v - 86 - 300. What is the highest common divisor of x and 1357?
23
Let h be ((-764 - 0) + 6)/(-2). Suppose -2*d - 4*u = -844, -h = -2*d + u + 450. What is the highest common factor of d and 32?
32
Let y(r) = -r**3 + 4*r**2 - 4*r - 1. Let g be y(3). Let a be 14/2 + g - -11. Calculate the greatest common divisor of 14 and a.
14
Suppose z - 271 = -0*z. Let n be 14/((-154)/341)*4. Let w = n + z. Calculate the highest common divisor of w and 98.
49
Suppose -40*w + 9*w + 155 = 0. Let f be ((-10)/(-2) - 0)*2. Let x be (-2 - -8)*(w - f/(-3)). Calculate the greatest common divisor of 20 and x.
10
Suppose 59 = -5*j + 9*j - y, -38 = -3*j + 2*y. Suppose j*l - 1942 = -502. What is the greatest common divisor of 162 and l?
18
Let d be ((-9)/(-6))/((-6)/(-592)). Let p be 2/38 - 26400/(-6688). What is the highest common divisor of p and d?
4
Suppose -5*m + 15 = -200. Suppose 25 = 4*j - m. Let d = j - 15. Calculate the highest common factor of 2 and d.
2
Let z = -113 + 397. Let r = -270 + z. Calculate the highest common divisor of 6 and r.
2
Let f = 65 + -66. Let j be 22 + (-4 + 6)*f. What is the greatest common divisor of 15 and j?
5
Suppose 3*k - 4010 = 13*k. Let w = k + 431. Calculate the highest common divisor of 60 and w.
30
Let r be ((-84189)/(-45) - (0 - 4)) + 38/285. What is the highest common factor of 525 and r?
75
Let h be 317 + -1 + 2 + (12 - 15). Suppose 210*x - 213*x = -h. Calculate the greatest common factor of x and 140.
35
Let q be (-1 - 351/15) + 6/15. Let h be 4*2*3*(-4)/q. Calculate the greatest common divisor of 6 and h.
2
Let q(z) = -z**3 + 43*z**2 - 15*z + 150. Let k be q(33). Calculate the greatest common divisor of k and 1140.
285
Suppose -120*p + 7058 = -1257 - 1285. Calculate the greatest common factor of p and 340.
20
Suppose 1379*w = 1380*w - 56. What is the highest common factor of w and 904?
8
Let b(g) = -g**3 + 4*g**2 + 4*g - 7. Let r be b(3). Suppose -5*w + 21 = -i, 13*i = 3*w + r*i - 19. Calculate the greatest common factor of 145 and w.
5
Let z be (2640/(-18))/((-40)/80 + 1/3). Calculate the highest common factor of z and 240.
80
Let u(w) = 136*w**3 + 178*w - 178. Let j be u(1). What is the highest common divisor of 187 and j?
17
Let j be 2817*(-6)/(-36) + 2/(-4). Let x = -4188 - -4195. What is the greatest common divisor of j and x?
7
Suppose -10*s + 13*s - 2*c - 26 = 0, c = -4*s + 20. Let y be (-102)/(-14) - ((-132)/(-21) - s). Calculate the greatest common divisor of 21 and y.
7
Suppose -13505 + 2345 = -9*h. Suppose -26*p = -866 - h. Calculate the greatest common factor of 27 and p.
27
Let a(w) = -w**2 + 13*w + 22. Let q be a(16). Let b = q - -45. Calculate the highest common factor of b and 133.
19
Suppose 4*z = 3*w - 1922, -2*w + 4*z = 2*z - 1280. Suppose -54*x + 588 + 503 = -97. Calculate the greatest common divisor of x and w.
22
Suppose o + 2*w - 286 = 0, 2*o = -3*o - 4*w + 1400. Calculate the greatest common divisor of o and 156.
12
Let a(s) = 4175*s**2 + 200*s. Let c be a(-1). What is the greatest common divisor of c and 159?
159
Suppose 0 = 2*x - 6*x + 52. Suppose x*r = 15*r. Suppose r = 6*h - h - t - 39, -3*h + 3*t = -21. What is the highest common factor of 16 and h?
8
Suppose -3*o = l - 26, 7*o = 9*o - 5*l - 6. Let s(z) = 10*z - 69. Let m be s(o). Calculate the greatest common factor of m and 22.
11
Let o be 675/90*3424*4/(40 - 0). What is the highest common divisor of o and 24?
24
Let t be (7 - 3/((-48)/(-232)))*180/(-25). Calculate the highest common factor of 3474 and t.
18
Let l(c) = -c**2 + 32*c + 74. Let d be l(34). Let w be 18*(-32)/d*(-8)/32. What is the highest common factor of w and 56?
8
Suppose -41 = 3*a - 69 - 44. What is the greatest common factor of 3156 and a?
12
Let f be (-10 - -3) + -151 + 166. Let h = -2 - -3. Calculate the highest common divisor of h and f.
1
Let g be (-1*(3 + 0))/(3/(-60)). Let f(k) = 12*k**2 - 2*k - 2. Let h be f(-1). Calculate the highest common factor of h and g.
12
Suppose g + 16 = 3*z, -z + 0*g + 4 = -g. Let a be 1 + (z - (-15)/(-5)). What is the highest common divisor of a and 2?
2
Let v(r) be the first derivative of -r**3/3 - 29*r**2/2 - 205*r - 88. Let h be v(-14). What is the greatest common divisor of 305 and h?
5
Suppose -l + 3 = -0. Let i = l + 1. Let h be 16/7 - ((-715)/(-77) + 13 + -22). What is the greatest common divisor of h and i?
2
Suppose -62*r + 25 = -57*r. Suppose 52 = 2*v + r*j, -6 + 31 = v + 2*j. What is the greatest common factor of 42 and v?
21
Suppose 26*g - 716 = 2092. What is the greatest common divisor of g and 3852?
36
Suppose 0 = 4*v - 4*f, 3*f + 2*f - 50 = -5*v. Let j be -1*(v + -4)*-41. Let q = 104 - j. Calculate the greatest common divisor of 9 and q.
9
Suppose -w + 24 = s, 2*w + s + 3*s = 56. Suppose 8453 = 27*t + 2513. What is the highest common factor of w and t?
20
Let q = 54 + -39. Let f(v) = -v**2 - 5 - 5 + 17*v - 6. Let g be f(q). What is the highest common divisor of 42 and g?
14
Suppose w + 4*h - 1464 = 0, 4*w - 3*h = 3*w + 1457. What is the greatest common factor of 190 and w?
10
Suppose 0 = -5*d - 3*w + 32, 64*w - 61*w + 18 = 0. What is the highest common factor of 15230 and d?
10
Let w be (-28)/(-16) - 12728/32. Let g = -137 - w. Calculate the greates